s 12389731 a composite number?
True
Is 25450508558 composite?
True
Is 24058486687 composite?
True
Is 44156839697 prime?
True
Is 1370646533 a composite number?
False
Is 1585267781 prime?
False
Is 16109788529 composite?
False
Is 142825937 prime?
False
Is 15698784779 a composite number?
False
Is 762696079 a prime number?
True
Is 10023924277 composite?
False
Is 10274851183 composite?
False
Is 7021951777 prime?
False
Is 15517633927 composite?
False
Is 8209911461 a composite number?
True
Is 667079639 composite?
False
Is 112674813 prime?
False
Is 389226113 composite?
False
Is 140347759 a composite number?
True
Is 63999277333 a prime number?
False
Is 15230530459 a prime number?
False
Is 74987529766 prime?
False
Is 2914767451 prime?
False
Is 273016896727 composite?
False
Is 18777810613 composite?
False
Is 17497014571 prime?
False
Is 1722160547 a composite number?
False
Is 14239426217 a composite number?
True
Is 1067336983 a composite number?
False
Is 21087895289 prime?
True
Is 3729634091 composite?
True
Is 47143914583 a composite number?
True
Is 372925473419 a composite number?
True
Is 16225073987 composite?
False
Is 138133769687 a composite number?
False
Is 1589121893 a composite number?
True
Is 3079936763 a composite number?
False
Is 2213912893 composite?
False
Is 2037894163 composite?
False
Is 15964525363 a prime number?
False
Is 2874099587 a composite number?
True
Is 8181393421 prime?
False
Is 4697489753 a prime number?
False
Is 6503802491 prime?
True
Is 334937611 a composite number?
False
Is 83892551 a prime number?
True
Is 596919199 a composite number?
False
Is 4080341471 a prime number?
False
Is 85419568301 composite?
True
Is 3445114889 a prime number?
False
Is 100832327 a prime number?
True
Is 698315039 a composite number?
True
Is 304503383 prime?
True
Is 4679004397 a composite number?
True
Is 22398561767 composite?
False
Is 1852228451 a prime number?
True
Is 450725713 a composite number?
False
Is 363783377 composite?
False
Is 23994496457 prime?
False
Is 160929761 a prime number?
False
Is 2087369351 a composite number?
False
Is 25114784449 a prime number?
False
Is 1009885749 prime?
False
Is 5779817713 a composite number?
False
Is 46315209949 prime?
False
Is 1385954987 a prime number?
False
Is 451513553 prime?
False
Is 569079377 a prime number?
True
Is 344057399 a prime number?
False
Is 101018747383 prime?
True
Is 2224593673 prime?
False
Is 1033571213 prime?
False
Is 55773852159 composite?
True
Is 12076086441 prime?
False
Is 38896653 a prime number?
False
Is 29019558631 prime?
False
Is 45189316229 a composite number?
False
Is 32302650295 composite?
True
Is 1217100037 prime?
False
Is 983102483 prime?
False
Is 14766921229 composite?
False
Is 1339702033 a composite number?
True
Is 22845000001 prime?
False
Is 226962521 composite?
False
Is 12709733 prime?
True
Is 800399441 a composite number?
False
Is 18164144573 prime?
False
Is 12000109789 composite?
True
Is 2577438727 a composite number?
False
Is 909043829 a prime number?
False
Is 409436441 a composite number?
False
Is 695984819 a composite number?
False
Is 153105832013 prime?
True
Is 776638717 a composite number?
True
Is 1266897937 composite?
True
Is 1532196349 a prime number?
False
Is 1694008489 prime?
False
Is 3035315177 composite?
False
Is 1041537943 a prime number?
True
Is 762182695 prime?
False
Is 4738446283 prime?
True
Is 8285859611 prime?
True
Is 644518207 composite?
True
Is 8332817 a composite number?
False
Is 1364541151 a prime number?
True
Is 67431941 prime?
True
Is 3927070681 prime?
False
Is 81786384571 a composite number?
False
Is 22671944641 prime?
True
Is 1049724601 a composite number?
False
Is 26481149581 composite?
True
Is 223073309 prime?
False
Is 19324962343 composite?
True
Is 752969033 a composite number?
True
Is 23213909977 a prime number?
True
Is 1295985451 composite?
False
Is 609139151 a composite number?
False
Is 28829911379 a composite number?
False
Is 5310615071 prime?
False
Is 81777461 composite?
False
Is 1147823317 a prime number?
True
Is 268147871 a composite number?
True
Is 2435858299 composite?
True
Is 128968385849 composite?
True
Is 14232221953 a prime number?
True
Is 275956033 composite?
True
Is 110925837493 prime?
False
Is 169967443 prime?
True
Is 809537563 prime?
True
Is 3149106182 a prime number?
False
Is 168625417 prime?
True
Is 11930262913 a prime number?
False
Is 286398074 a prime number?
False
Is 6137099897 composite?
True
Is 3763419353 a prime number?
False
Is 309779483 a composite number?
True
Is 746454641 a composite number?
False
Is 12198484729 composite?
False
Is 2458512913 a prime number?
True
Is 18536805193 prime?
False
Is 667049053 a prime number?
False
Is 1630424623 a prime number?
True
Is 373145243 a composite number?
False
Is 560835489 a composite number?
True
Is 29016037277 a composite number?
False
Is 28979580233 a prime number?
True
Is 278954947 prime?
False
Is 31696699439 composite?
False
Is 119183643123 a prime number?
False
Is 5218124573 composite?
False
Is 66828297673 a composite number?
True
Is 110119523065 prime?
False
Is 5592170539 a composite number?
False
Is 2439965819 composite?
False
Is 43040189 prime?
False
Is 4196171513 prime?
True
Is 6901465559 composite?
True
Is 49262684011 prime?
False
Is 1509317809 a composite number?
True
Is 3142568599 a prime number?
False
Is 6743823353 a composite number?
True
Is 136062494587 a composite number?
True
Is 38404692749 a prime number?
False
Is 22108733753 prime?
False
Is 565602047 a prime number?
False
Is 15231567829 a composite number?
False
Is 1220792147 a prime number?
False
Is 14820658069 prime?
False
Is 127538185457 composite?
False
Is 18039286931 composite?
False
Is 16422396611 a prime number?
True
Is 7298096521 a composite number?
False
Is 1446984953 a composite number?
False
Is 33967486895 a composite number?
True
Is 514534957 composite?
False
Is 1173666509 prime?
True
Is 3435606151 prime?
True
Is 26790601511 a prime number?
True
Is 11963514359 a composite number?
False
Is 13760007505 prime?
False
Is 3438798091 a composite number?
False
Is 6017703707 a prime number?
False
Is 117008179 a prime number?
True
Is 2081898941 a composite number?
False
Is 2820089903 a composite number?
False
Is 68435794361 composite?
True
Is 2111760809 a composite number?
False
Is 2830064023 prime?
False
Is 149227357 prime?
True
Is 4675822259 composite?
True
Is 2072393409 composite?
True
Is 202639333 prime?
False
Is 7655294821 a composite number?
False
Is 80161157 a prime number?
True
Is 718328137 a prime number?
True
Is 95206206247 prime?
True
Is 1016396219 a composite number?
False
Is 20058402053 prime?
True
Is 19383511481 composite?
True
Is 10935794119 composite?
True
Is 380038667 a prime number?
True
Is 191903353 a prime number?
False
Is 4817717323 a composite number?
True
Is 5849752673 prime?
True
Is 16798307821 a prime number?
False
Is 27902131477 a composite number?
True
Is 15577395331 a composite number?
False
Is 26450347151 composite?
False
Is 310025099 a prime number?
True
Is 2011731451 a prime number?
False
Is 7503966293 prime?
True
Is 26401299169 prime?
False
Is 81776700259 a composite number?
False
Is 5643415637 a composite number?
True
Is 117345462809 a prime number?
True
Is 675680953 prime?
True
Is 671088059 prime?
False
Is 4821479561 composite?
True
Is 1071723119 prime?
False
Is 17422249189 a composite number?
False
Is 73967377 a prime number?
False
Is 235335553 a composite number?
False
Is 40333207397 a prime number?
False
Is 55639063969 prime?
False
Is 58111561 prime?
True
Is 393476159 a prime number?
True
Is 660733117 a prime number?
False
Is 13220129017 composite?
True
Is 3334655991 a composite number?
True
Is 175243721 a prime number?
False
Is 7443493471 composite?
False
Is 51598565 prime?
False
Is 62582851531 a composite number?
True
Is 4283007919 a prime number?
False
Is 649730827 prime?
False
Is 312909353 prime?
False
Is 2475026933 a composite number?
False
Is 357514933 a prime number?
True
Is 2045898251 a composite number?
True
Is 231594329 a composite number?
False
Is 27474157057 composite?
True
Is 413108327 a prime number?
False
Is 8444283205 composite?
True
Is 5789335787 a composite number?
False
Is 2088342253 prime?
True
Is 1514389469 prime?
True
Is 160816709 prime?
False
Is 3443